 k is divided by 11?
9
What is the remainder when 1528 is divided by (4 - -6 - (7 - -5)) + 307?
3
Suppose 3*h = 5*a + 152, 106 = -1757*h + 1759*h - 4*a. Let l = 76 - 39. What is the remainder when h is divided by l?
2
Suppose 26*r + 192 = 10*r. Calculate the remainder when ((-1408)/(-12) - -2)/(r/(-18)) is divided by 45.
44
Suppose 0 = 2*y + 3*y - 185. What is the remainder when 625 is divided by y?
33
Let s = -5361 - -5410. What is the remainder when 1811 is divided by s?
47
Suppose -72 = 5*m + 4*m. Let b be (6/m)/(5/(-40)). Let a = b - -41. What is the remainder when a is divided by 17?
13
Suppose 33*h + 50049 = 176*h + 106*h. Calculate the remainder when h is divided by 62.
15
What is the remainder when 1172/(-12)*(112/(-14) + 5) is divided by 287?
6
Suppose 3*z = z - 4*b + 20, 2*z + 2*b - 10 = 0. Suppose 0 = -g - x + 313, 2*g + z*g + 5*x = 632. What is the remainder when g is divided by 21?
17
Let b = -3179 + 3367. Calculate the remainder when b is divided by 49.
41
Let k(o) = o + 58. Let u = -160 - -163. Calculate the remainder when k(u) is divided by 31.
30
Let t = 170 - 139. Suppose t = 11*v - 24. What is the remainder when 14 is divided by v?
4
Let p = -227 - -255. Suppose 323 = p*l - 13. Calculate the remainder when 394 is divided by l.
10
Let z be 0 - 0 - ((-234)/(-2) - 0). Let h = 190 + z. Let x = h - 52. What is the remainder when 81 is divided by x?
18
Let a(o) = 2*o**2 - 13*o - 2. Let i be a(7). Suppose -2*g - i*m = -7*g - 10, -4 = m. Let p = g + 47. What is the remainder when p is divided by 15?
11
What is the remainder when 6945/(3 - -12) + -9 is divided by 46?
40
Let p = -5 + 12. Let c(f) = f**3 - 27*f**2 - 33*f + 196. Let x be c(28). What is the remainder when 82/3 - x/24 is divided by p?
4
Let m(k) = 8*k**2 - 19*k + 81. Suppose -4*x - 2*d + 26 = 0, x - 14 = -2*d - 0*d. Suppose -52 = -t - 18. What is the remainder when m(x) is divided by t?
31
Suppose 3*w + 3488 = 11*w. Suppose 0 = -21*m + w + 2462. Calculate the remainder when m is divided by 28.
26
Suppose -185*v + 155*v = -2400. Calculate the remainder when 393 is divided by v.
73
What is the remainder when (-1*(-241)/(-2))/((-176)/5632) is divided by 29?
28
Let x = 0 + 2. Suppose -x*z + 29 = -3. Let g(m) = 34*m - 705. What is the remainder when z is divided by g(21)?
7
Suppose 0 = 165*l - 142*l - 10396. Calculate the remainder when l is divided by 52.
36
Let c be 39/10 + (-1)/(-10). Let o(z) = z**3 - 3*z**2 - 2*z + 9. What is the remainder when 30 is divided by o(c)?
13
Calculate the remainder when 133250/287 + 2/(-7) is divided by 147.
23
Let t(a) = a**2 - 4*a + 23. Let r be t(0). Suppose 420 = -8*w + r*w. Let k = w - 19. What is the remainder when 24 is divided by k?
6
Let s(n) = -126 - n**3 + 68 - 15*n**2 - 14*n + 66. Let w = -25 + 11. Calculate the remainder when 19 is divided by s(w).
3
Suppose -4*a - 3*n + 415 = -1119, 4*a - 5*n = 1518. Calculate the remainder when 1186 is divided by a.
40
Let o = -322 - -332. Suppose 6*p - 944 = -o*p. What is the remainder when p is divided by 31?
28
What is the remainder when 1551 is divided by ((-397024)/(-722) - -36) + 3/((-114)/(-4))?
379
Let v(m) = 10*m + 72. What is the remainder when 38/9 + -4 - 1101/(-27) is divided by v(-5)?
19
Suppose 760 = 5*u - 2*x, -2*u + 5*x - 44 + 369 = 0. What is the remainder when 146 is divided by (4 - 11)*u/(-35)?
26
Let f(i) = 14*i**2 - 81*i + 245. Calculate the remainder when f(3) is divided by 23.
13
Suppose -78 = -23*c + 83. Suppose 3*j + s = -2 - 8, 4*j + 24 = 4*s. Calculate the remainder when c is divided by 22/8 - 1/j.
1
Let s(n) = 197*n + 461. Calculate the remainder when 870 is divided by s(-2).
66
Let i(h) = 12*h**2 - 5*h - 4. Let x be (4/10)/(3/15). Suppose 5*k = x*n + 110 - 5, 3*k - 42 = -3*n. Calculate the remainder when i(4) is divided by k.
16
Suppose 0 = 4*g, -2*a = -5*g - 48 - 4. Let p = -9 + a. What is the remainder when 3/9*18/6 - (-16 - 64) is divided by p?
13
Suppose 3*s = 4*w - 4, w = -3*s - 3*w + 28. Let q = 1 + s. Suppose 29*m - 1092 = -49*m. Calculate the remainder when m is divided by q.
4
Let v be 3/(-2)*118/(-3). Suppose 0*n - 3*b - 70 = -n, 91 = n + 4*b. Let y = n - v. Calculate the remainder when 137 is divided by y.
17
Let w(f) = -6*f**3 + 7*f**2 + 2*f - 9. Calculate the remainder when w(-4) is divided by -5 + (-5 - -14) + 8.
11
Let p be ((-16)/12)/(4/(-78)). Suppose -f + p = 7. Let w = -22 - -36. Calculate the remainder when f is divided by w.
5
Let h = 31 + -21. Suppose -v = 5*g - 3*v - 25, 5*v = -2*g + h. What is the remainder when 20 is divided by g?
0
Let g be 7 - 14 - (2 - 0). What is the remainder when 350 is divided by (g/(-4))/(87/1508)?
38
Let z be (11 + 4)/3 + 694. Let x = -687 + z. Calculate the remainder when 31 is divided by x.
7
Let q be (-140)/(-44) - (-8)/(-44). Suppose -q*c - 205 = 2*c. Let s = 84 + c. Calculate the remainder when s is divided by 9.
7
Calculate the remainder when 719 is divided by 148/4 - (7 + -18).
47
Let f = -10425 - -10556. Calculate the remainder when f is divided by 98.
33
Suppose -2*y = 3*y + h + 140, 0 = -2*y + 3*h - 39. What is the remainder when 9 is divided by (y/(-36))/(-3 + (-26)/(-8))?
0
Let r be (-1 - 2 - 34/(-10))*5. Suppose r*b + 22 = -2*a - a, 0 = -2*a - 4*b - 28. Calculate the remainder when 3 - (22 - -3)*a is divided by 26.
25
Suppose -4 = -5*a + 4*a - o, 0 = -5*a - 2*o + 5. Let t be (9/18)/(a/(-48)). Let z = t - 16. Calculate the remainder when 35 is divided by z.
3
Let c(y) = 6*y + 5. Suppose 5*z + 2*w + 2 = 0, -2*z + 7*z = 2*w + 2. Suppose z = -102*h + 93*h + 45. What is the remainder when c(4) is divided by h?
4
Suppose 4*l = 5*m - 3, 4*l - 2 + 13 = -3*m. Let a(z) = 3*z**2 + 9*z + 14. Suppose 2*b - 119 + 25 = 0. What is the remainder when b is divided by a(l)?
7
Let k(u) = u**3 - 23*u**2 + 26*u + 2. Suppose s + 0 = -3*w + 25, -5*w = -4*s + 83. What is the remainder when k(s) is divided by 46?
44
Let r(t) = 18*t**2 + 270*t + 31. Calculate the remainder when r(-16) is divided by 111.
97
Suppose -5*z - 2*w = -170, 2*z + z = -w + 103. Let y = -11 + z. Suppose 0 = -5*x - 13 + 3, -4*x = 4*g - 20. Calculate the remainder when y is divided by g.
4
Let j(q) = q**2 + 2*q + 3. Let c(t) = -52 - 3*t - 11*t + t**2 - 2*t + 22. Calculate the remainder when c(20) is divided by j(-4).
6
Let t(f) = 7*f**2 + 2*f - 1. Suppose 29 = -38*b - 47. What is the remainder when 111 is divided by t(b)?
19
What is the remainder when 460 is divided by (56/(-16))/((-7)/238)?
103
What is the remainder when 751 is divided by 42/(-15)*105/98*-4?
7
Let m(g) = g**2 + 16*g + 10. Let o be -2*(-51)/(-14) - (-4)/14. Let z be m(o). Let a = z + 63. Calculate the remainder when 34 is divided by a.
4
Suppose 38*r - 1052 + 832 - 1300 = 0. Calculate the remainder when 147 is divided by r.
27
Let c be 17/(357/36) + (-2)/(-7). Suppose -119 = -3*n - o, -3*n = -6*n + c*o + 131. Calculate the remainder when 203 is divided by n.
39
Let s = 2545 - 2462. What is the remainder when 205 is divided by s?
39
Suppose -5*h - 77 + 252 = -5*a, 2*a + 14 = 0. Let q = -318 - -651. Calculate the remainder when q is divided by h.
25
Let t be -5*(178/(-10) - 12/12). Let b = t - 83. What is the remainder when 108 is divided by b?
9
Let t(z) = -z**3 + 25*z**2 - 22*z - 129. What is the remainder when t(21) is divided by 8?
5
Suppose -49*v = -76*v - 167*v - 256*v + 27900. Let c(t) = 4*t + 5. What is the remainder when v is divided by c(5)?
12
Calculate the remainder when ((-811)/(-7))/(121/847) is divided by 258.
37
Suppose -222*f + 224*f = l - 165, -l + 4*f + 149 = 0. Calculate the remainder when 859 is divided by l.
135
Let l(q) = -30*q - 725 + 1789 - 822. What is the remainder when 44 is divided by l(7)?
12
Suppose -9565 + 8245 = -22*p. What is the remainder when 233 is divided by p?
53
Let f = 24 + -13. Suppose 3*o - f = 28. Calculate the remainder when ((-20)/25)/(-1) - (-10384)/295 is divided by o.
10
Let a(g) = -7*g - 23. Let s(b) = 2*b - 10. Let d(u) = -a(u) - 2*s(u). Suppose -29 - 10 = 3*l. What is the remainder when 9 is divided by d(l)?
1
Let t be (2/3)/((-1210)/402 + 3). Let s = 70 + t. Suppose 2*o = s*o - 8. Calculate the remainder when 11 is divided by o.
3
Let x(o) = -550*o + 199. Calculate the remainder when x(-2) is divided by 42.
39
Suppose -5*p = 4*b + 10, -3